d t?
3
Suppose 4*c - 20 = -c. Suppose 4*l - 60 = 3*s + 2*s, 3*l + c*s = 14. What is the greatest common divisor of l and 90?
10
Let i(d) = -d + 23. Let u be i(0). Suppose 0 = -4*b - 5*a + 711, -5*b - 437 = 4*a - 1337. Calculate the greatest common factor of u and b.
23
Let h(l) = -8*l - 1. Let w be h(-2). Let q = 14 - 9. What is the greatest common divisor of q and w?
5
Let y be (-2)/(-4*(-2)/68). Let u = -12 - y. Suppose 6*r - 4*r = 2*f - 34, -2*r - 88 = -u*f. Calculate the highest common factor of 6 and f.
6
Suppose -6*f + 7*f = 69. Suppose -c - 2*w + 20 = -5, 0 = 3*c + 3*w - f. Suppose 3*z + 0*z - c = 0. What is the greatest common divisor of 28 and z?
7
Suppose -20 = -3*d - 2*d. Suppose -g - 2 = 2*w - 9, -d = -4*g - 2*w. Let t be 2/g*-1*5. What is the highest common divisor of 2 and t?
2
Let s be (-6)/(-9)*39/2. Let q(t) = -45*t**3 - t**2 - 4*t - 3. Let y be q(-2). Suppose -v + 0 = 3, v = -4*f + y. What is the highest common factor of s and f?
13
Let t be 2*(-2 + 1)*-20. What is the greatest common factor of t and 8?
8
Suppose 0 = 5*r - 0 - 90. What is the greatest common factor of 45 and r?
9
Let l be 26/(-10) + (-4)/10. Let b be (82/(-1))/((-2)/l). Let j = b + 204. What is the highest common divisor of 9 and j?
9
Let p(v) = -v**3 - 6*v**2 + 15. Let r be p(-6). Calculate the highest common factor of 6 and r.
3
Let n(q) = -q**2 + 14*q + 14. Let o be n(14). Let v be (-12)/10*210/(-9). What is the highest common divisor of v and o?
14
Let r(a) = -4*a - 16. Let x be r(-5). What is the greatest common factor of x and 44?
4
Let k(w) = -2*w - 1. Let m be k(-4). What is the highest common divisor of m and 7?
7
Suppose -d + 19 = 6. Calculate the highest common divisor of 13 and d.
13
Suppose -2*l = 3*h - 32, 7*h + 5*l = 2*h + 55. Suppose 3 = -v + 6. Suppose v - 9 = -3*f. Calculate the highest common divisor of f and h.
2
Let r(x) = -14*x + 8. Let d be r(6). Let m be d/(-16) - (-2)/8. Suppose -m*g + 110 = -0*g. Calculate the highest common divisor of g and 2.
2
Suppose 8*b = 3*b - 85. Suppose 3*u - 117 + 30 = 0. Let c = b + u. Calculate the greatest common factor of 6 and c.
6
Suppose -134 = -5*s + 56. Let m = -14 + s. Calculate the highest common factor of 6 and m.
6
Suppose 4*c = y + 64, 18 = 2*c + 5*y - 36. What is the highest common factor of c and 17?
17
Suppose -4*f + 436 = 4*u, 0*f = 3*u - 3*f - 345. Calculate the highest common factor of 14 and u.
14
Suppose 0 = -4*n - g + 7, -3*n - 2*g + 10 = n. Calculate the greatest common factor of n and 3.
1
Let j = -117 + -47. Let z be j/(-6) - (-8)/12. Let f(i) = -i + 4. Let x be f(0). Calculate the highest common factor of x and z.
4
Let y = 1 + 2. Calculate the greatest common factor of y and 33.
3
Let u be 512/52 - -3*(-2)/(-39). What is the highest common factor of 5 and u?
5
Let b = 150 + -78. Let c = 22 + -12. Let k = c + -2. What is the greatest common factor of b and k?
8
Let q be 1 + 0 - (-36)/1. Let i = q + 37. Suppose 2*s = 202 - i. Calculate the highest common divisor of s and 8.
8
Let y(o) = -o**2 - 14*o - 8. Let d be y(-8). Calculate the greatest common divisor of 60 and d.
20
Let h be 28/4*-2 + 2. Let g be 150 + 9/h*-4. What is the greatest common divisor of g and 17?
17
Suppose -2*o + 18 = -0*o. Let t(l) = 2*l**2 - 12*l - 6. Let a be t(o). Calculate the highest common divisor of 120 and a.
24
Suppose -g + 9 = -6. Calculate the greatest common divisor of g and 135.
15
Let t(m) = -m**3 + m**2 + 5. Suppose 0 = -2*c - 3*l - 15, -4*c - l - 10 = l. Let r be t(c). What is the greatest common factor of 1 and r?
1
Suppose 4*g - 7 + 3 = 0. Let o(l) = -l**3 + l**2 + l - 1. Let n be o(g). Let r be (-3)/2*(n + -10). Calculate the highest common divisor of r and 45.
15
Suppose 0 = 8*z - 4*z - 2*c - 132, 0 = -5*z + 5*c + 155. Calculate the highest common factor of z and 5.
5
Let i = 1 + 3. Suppose -7*g = -i*g + 2*y - 39, 0 = -2*g - 5*y + 15. Suppose -825 = -3*x - 2*x. What is the highest common factor of x and g?
15
Let o = 25 + -20. Calculate the highest common divisor of o and 40.
5
Let n(s) = 2*s**2 + 1. Let w be n(-2). Let t = 97 - -2. What is the greatest common factor of w and t?
9
Suppose 0 = 3*v - 2*v. Suppose 463 = 3*y - f + 5*f, v = -4*y + 4*f + 608. What is the greatest common divisor of 17 and y?
17
Suppose -32 + 17 = -l. What is the greatest common factor of 60 and l?
15
Let s be (8 - (-54)/(-7))/((-1)/(-7)). Calculate the greatest common factor of s and 2.
2
Let n(x) = x**2 + 5*x - 6. Let f be n(-10). What is the greatest common factor of 11 and f?
11
Let z be -2 - (-2)/(6/9). Suppose 4*m + 0 = -4*h + 4, -3*m + 3*h = -3. Calculate the highest common factor of m and z.
1
Let j(c) = -c**2 + 22. Let w be j(0). Suppose 5*l - 1214 = -2*p, -p - 722 = -3*l + p. Calculate the greatest common factor of l and w.
22
Let y(t) = t**3 + 5*t**2 - 2*t + 10. Let k be y(-5). Let m(q) = q**3 + 7*q**2 + 4*q - 4. Let o be m(-6). Calculate the greatest common divisor of k and o.
4
Let i = -2 + 2. Suppose -2*b + 6 + 12 = i. Calculate the highest common factor of 18 and b.
9
Suppose -4*m + 9 = 45. Let u = -5 - m. Suppose u*t = t + 165. Calculate the highest common factor of 5 and t.
5
Let v(m) be the first derivative of m**2 - 18*m + 3. Let g be v(12). Calculate the highest common factor of 18 and g.
6
Let m = 11 + -5. What is the greatest common factor of m and 15?
3
Let x = 2 + -3. Let q(d) = -2*d + 1. Let u be q(x). Suppose -2*f - 6 = -2*k, -u*k + k - f = -6. Calculate the highest common divisor of k and 33.
3
Let w = -58 - -118. Calculate the highest common divisor of 30 and w.
30
Suppose -42 = -3*s + 33. What is the highest common factor of s and 10?
5
Let y = 5 - -9. Let t(x) = 7*x**2 - 20*x + 10. Let v be t(4). Calculate the greatest common factor of y and v.
14
Let z = 49 - -87. Calculate the greatest common factor of z and 17.
17
Let d = 2 + 8. Let k = d - 2. What is the highest common factor of 56 and k?
8
Let k = 26 + 126. What is the highest common divisor of 19 and k?
19
Let t be (-5)/(-10)*-1*-80. Let f = -12 + 20. Calculate the greatest common factor of t and f.
8
Let b = 0 - -12. What is the highest common factor of 96 and b?
12
Suppose 2*v - 59 = -2*v + 3*l, 0 = -3*v + l + 38. Suppose 6*b = b + 95. Let w be 44/8*(b - 1). Calculate the greatest common factor of v and w.
11
Let z(s) = -8*s + 3. Let j = -14 + 11. Let n be z(j). What is the greatest common factor of n and 18?
9
Suppose 2*i + 55 = 163. Let x = i + 6. Calculate the greatest common divisor of 10 and x.
10
Let o(f) be the third derivative of f**5/60 + 11*f**4/24 + 2*f**3 + f**2. Let j be o(-11). What is the highest common divisor of j and 108?
12
Let j(m) = -18*m + 9. Let b be j(-8). Let q = b - 36. Suppose -u - 4*d + 5 = 0, -15 = -5*u - 2*d + 46. Calculate the highest common divisor of q and u.
13
Let a(k) = -3*k - 24. Let o be a(-14). Calculate the greatest common divisor of o and 9.
9
Let l be 0 + (-2)/1 + 16. Let r = -3 + l. What is the greatest common divisor of r and 11?
11
Let x(i) = i**3 - 17*i**2 - i + 32. Let q be x(17). What is the highest common divisor of 15 and q?
15
Suppose 0 = q + 4*o - 192, -4*q + o + 646 = -54. Let u = 13 - 8. Suppose -u*g + 25 = 0, 7*z = 2*z + 2*g + 70. What is the highest common divisor of q and z?
16
Let w(k) = -k**3 - 7*k**2 + 11*k - 3. Let c be w(-8). Let l = 54 + c. What is the greatest common divisor of 3 and l?
3
Let j be 1 + (0 + 2)/2. Suppose 6 = 2*d - j. Let x(c) = 19*c - 2. Let i be x(2). What is the greatest common divisor of i and d?
4
Let d = 18 + -3. Let a = -238 - -463. Suppose -a = -2*o - o. Calculate the highest common factor of d and o.
15
Let m be (2/(-3))/(4/(-78)). Suppose c = 11 + m. Calculate the greatest common divisor of 12 and c.
12
Let q(a) = 5*a**2 - a - 6. Let t be q(-3). Calculate the highest common factor of 63 and t.
21
Let y be (4/(-12))/(2/(-6)). Suppose q - 9 = -y. Let p be (q/3)/((-1)/(-3)). Calculate the greatest common factor of 88 and p.
8
Let d = 52 + -31. Let x = -36 + d. Let k be 5*x*2/(-3). What is the greatest common divisor of k and 5?
5
Suppose 5*f = -451 + 1361. What is the greatest common factor of f and 14?
14
Suppose 4*a + 5*s - 983 = 0, -3*a = a - 4*s - 956. Suppose -2*b = -b - 22. Calculate the greatest common divisor of b and a.
22
Let z = 